?
4
Let y(c) = c**3 + 7*c**2 - 10*c - 12. What is the remainder when y(-8) is divided by 0 + (-2 - -3)*3?
1
Let s = 6 - 4. Suppose -s*z = -z. Suppose -2*k - 2*p + 34 = z, -k = -0*k - p - 21. What is the remainder when 36 is divided by k?
17
Let g(x) = x**3 - 5*x**2 + 5*x + 1. Calculate the remainder when g(5) is divided by 15.
11
Let m(d) = d**2 - 3*d - 5. Let c be m(6). Suppose -c*u = -9*u - 40. What is the remainder when (-55)/(-3) + 3/(-9) is divided by u?
8
Let z be (-1 - -8)*18/(-21). Suppose 0 = -5*n + 22 + 58. Let x = n + z. Calculate the remainder when 28 is divided by x.
8
Let n = 6 - -103. What is the remainder when n is divided by 22?
21
Suppose 5*u - 340 = -105. Let c be 4/(-3)*(-12)/8. Suppose -6*l + c*l + 64 = 0. Calculate the remainder when u is divided by l.
15
Let s = 10 - -30. Calculate the remainder when s is divided by 13.
1
Let k(l) = -l + 13. Calculate the remainder when 85 is divided by k(-9).
19
Suppose -t + 5*u = -0*t - 17, 3*t + 44 = -4*u. Calculate the remainder when t/(-36) - 734/(-18) is divided by 21.
20
Let k be (-105)/12 + (-3)/12. Let c be (0 + 6)/(k/(-24)). What is the remainder when 46 is divided by c/3*(-5 + 8)?
14
Let s(b) = b**2 - 15*b + 30. Calculate the remainder when 13 is divided by s(13).
1
Let y = 32 + -13. Calculate the remainder when 2/(24/(-3)) + (-745)/(-20) is divided by y.
18
Let f = -1 + 1. Suppose -4*a + 120 = 5*l, -l + 5 = -3*a - f. What is the remainder when 78 is divided by l?
18
Suppose -10*q = -1141 + 201. Calculate the remainder when q is divided by 8.
6
Suppose -4*o + 0*o + 4 = 0. Let k = 20 - o. Calculate the remainder when 35 is divided by k.
16
Let m be (-7 + 5)*(0 - -1). Let g(x) = -7*x - 3. What is the remainder when g(m) is divided by 4?
3
Suppose 3*i - 5*o = -i + 217, 113 = 2*i - o. Let r be 4/6 + (-1)/(-3). What is the remainder when (r + -2)/((-2)/i) is divided by 10?
9
What is the remainder when 47 is divided by (-315)/(-20) + 2/8?
15
Let c be 8/(-10)*-1*5. Suppose 5*v - 145 = -5*z, -z = c*z + 3*v - 141. Calculate the remainder when 53 is divided by z.
26
Let f(w) = w**2 + 8*w - 25. What is the remainder when 37 is divided by f(-11)?
5
Suppose -l = 3 - 41. Calculate the remainder when l is divided by 10.
8
Suppose -5*w - 3*c + 197 = 0, 5*w + 34 = c + 215. Calculate the remainder when w is divided by 10.
7
Let o = 74 - 53. What is the remainder when 61 is divided by o?
19
Suppose -6 - 18 = -2*p. What is the remainder when 47 is divided by p?
11
Suppose 0 = 5*m + 10, 0*m = -4*y - 2*m + 152. Suppose 3*t - 3*j - 42 = 0, 0 = 5*j - 4*j. Calculate the remainder when y is divided by t.
11
Suppose 0 = 5*m + 14 + 1. Calculate the remainder when 1 - m - (-5 + 6) is divided by 3.
0
Suppose 5*u - 2*u = 6. Let r(j) = j**2 - 1. Let v be r(2). Suppose 0*a + v = a. Calculate the remainder when a is divided by u.
1
Let c(n) = -n**3 - n - 1. Let k be c(-1). Suppose w - k = -l, 0 = 4*l - 0*l + 5*w - 3. Calculate the remainder when 5 is divided by l.
1
Let s(z) = -z**2 - 9*z - 6. Let r be 62/(-8) + (-3)/12. Calculate the remainder when s(r) is divided by 1.
0
Let p = 17 + -4. Let w(r) = 6 - r + 8*r**2 + r**3 - 2*r**2 - 5. What is the remainder when p is divided by w(-6)?
6
Let o be (-2)/((2/3)/(-1)). Suppose 3*b = -3*i + 6, -i = o*b - 3 + 9. What is the remainder when 10 is divided by i?
4
Let i = 0 + 11. Suppose 114 = 5*b - 46. Calculate the remainder when b is divided by i.
10
Suppose 13 + 50 = 3*r. Suppose 0 = j + j - 6. Let u = r + j. Calculate the remainder when u is divided by 13.
11
Suppose 4*o - 88 = -12. Let p = o - -11. Calculate the remainder when p is divided by 16.
14
Suppose -n + 34 = 1. What is the remainder when n is divided by 7?
5
What is the remainder when 41 is divided by (-132)/2*(-2)/12*2?
19
Let f be -1*(-102 + 2) + 2. Suppose f = 5*d - 2*d. Calculate the remainder when d is divided by 4*2/(-12)*-18.
10
Suppose -19 + 3 = -l. Suppose 0 = -4*b + 4*j + l, -3*b + 5*j + 2 = -0*b. Suppose b - 24 = -g. What is the remainder when 29 is divided by g?
14
Let f = -33 - -59. What is the remainder when f is divided by 7?
5
What is the remainder when 54 is divided by (-680)/(-24) + (-1)/3?
26
Let w = 18 - 10. Let m be ((-4)/w)/((-1)/(-52)). Let y = 2 - m. What is the remainder when y is divided by 10?
8
Suppose -5*q + 1 = -4*q. Let g = 81 - 56. What is the remainder when g is divided by -2*(-6)/q + 1?
12
Let i be 8/6 - 2/6. Let g be i - (0 - 0) - 1. Suppose -56 = -2*c - g*c. What is the remainder when c is divided by 15?
13
Suppose s - 9 = -2*d - 0, 3*d + 58 = 4*s. What is the remainder when 33 is divided by s?
7
Suppose 6*n - 33 = 3*n. Let k(h) = 5*h**2 + 0*h**2 - h + 0*h - 3*h**2. What is the remainder when n is divided by k(2)?
5
Suppose -5*o = -3*a - 3*o + 193, -a = 2*o - 75. Calculate the remainder when a is divided by 10.
7
Let c = 5 - 1. Let a be 0/(-4) - (1 - c). Suppose n + s = -3*s + 6, 0 = a*s - 3. What is the remainder when 4 is divided by n?
0
Suppose -2 = f, 0*z = -2*z - 4*f + 36. Let a = 4 + 4. Calculate the remainder when z is divided by a.
6
What is the remainder when 6 is divided by 3/6 + (-18)/(-4)?
1
Let n(x) = -4*x**3 - x**2 + 1. Suppose 14 = -5*j + 4. Calculate the remainder when n(j) is divided by 15.
14
Suppose 5*y - y = 16. Calculate the remainder when 5/(((-6)/y)/(-3)) is divided by 6.
4
Let b = -6 - -8. Suppose 3*v = -b*v + 2*x + 25, -5 = -v + 2*x. Let t(n) = -10*n**3 - n**2 + 2*n + 2. What is the remainder when t(-1) is divided by v?
4
Let a(p) = p**2 + 6*p - 20. What is the remainder when 56 is divided by a(4)?
16
Suppose 0 = -6*k + 9 + 39. Calculate the remainder when 26 is divided by k.
2
Suppose u - 2 = w, 3*w + 10 = 5*u - 6. Suppose 4 = -i + w*i. Suppose -i*o + 9 = -5. What is the remainder when o is divided by 4?
3
Let t = -16 + 26. Suppose 2*w = 8 + t. Calculate the remainder when 26 is divided by w.
8
Let b = 16 + -9. Let l = 95 - 30. Suppose 2*x + l = 7*x. Calculate the remainder when x is divided by b.
6
Let x(w) = -w**2 - 10*w. What is the remainder when x(-7) is divided by 5?
1
What is the remainder when (2 - (-6 + 4)) + 57 is divided by 9/(-6)*(-64)/6?
13
Let j = 11 - -1. Calculate the remainder when j is divided by 7.
5
Let u be -2*1*1/(-2). Suppose 0 = -2*v - u + 23. Let k(b) = 5*b + 51. What is the remainder when k(-6) is divided by v?
10
Let b(j) = j**3 + 4*j**2 - 2. Let k be (2 + -8)/(-2) - 6. Let g be b(k). Suppose -v - 19 = -3*s, g = s + v - 2*v. What is the remainder when 17 is divided by s?
5
Suppose 3*w + s + 3*s = 87, 3*w + 5*s - 84 = 0. What is the remainder when w is divided by 18?
15
Let d(w) = -2*w**2 + 0*w**2 + 4*w - 2*w + 3*w**2 + 1. What is the remainder when 15 is divided by d(2)?
6
Let n = 71 + -56. What is the remainder when n is divided by 9?
6
What is the remainder when (2/6)/((-1902)/954 + 2) is divided by 19?
15
Let y(l) = l - 5. Let f be y(7). Suppose -f*j = -0*j - 12. Calculate the remainder when 17 is divided by j.
5
Let c(f) = -9*f - 3. What is the remainder when c(-3) is divided by 13?
11
Let a(l) = -l + 6. Let q be a(8). What is the remainder when ((-6)/6)/(q/76) is divided by 20?
18
Suppose 4*s + 46 = 2*s. Let j = s + 12. Let u = 19 + j. Calculate the remainder when u is divided by 5.
3
Calculate the remainder when 1/((-20)/(-348))*5 is divided by 44.
43
Let k be (-1 - 0/(-1)) + 3. Suppose -c - k*c = -30. Calculate the remainder when 52 is divided by 5*(26/c - -1).
16
Suppose -4*i - 4*m - 4 = 0, -2*m - 1 = 3*i + 1. Suppose 2*d = -i*d + 28. What is the remainder when d is divided by 5?
4
Let a = -11 + 18. Calculate the remainder when 20 is divided by a.
6
Suppose -s = -3*t + 4*s + 254, 5*s = t - 98. Calculate the remainder when t is divided by 20.
18
Let f = 8 - 5. Suppose -8*c + 80 = -f*c. Calculate the remainder when c is divided by 8/20 - (-56)/10.
4
Suppose 2*x = -2*d + 100, x + 2*d - 48 = 4. Let u = x - 32. Calculate the remainder when 77 is divided by u.
13
Let n = 28 + -20. Suppose 0 = u + 3*x - n, -5*u - 3*x + 0*x + 28 = 0. Suppose -3*r - u = -11. Calculate the remainder when 2 is divided by r.
0
Let t = 353 + -182. What is the remainder when t is divided by 25?
21
Suppose -2*l + 74 = -382. What is the remainder when l is divided by 21?
18
Suppose -5*r + y = 10, -2*r = -r - y + 2. What is the remainder w